 11?
True
Is 236121 a multiple of 14?
False
Does 11 divide 1513671?
False
Is 22 a factor of 133540?
True
Is 44 a factor of 64959?
False
Is 5 a factor of 57589?
False
Is 17959 a multiple of 58?
False
Is 283 a factor of 179705?
True
Does 569 divide 5675452?
False
Is 205 a factor of 186972?
False
Is 1360476 a multiple of 204?
True
Does 14 divide 5990916?
False
Is 274 a factor of 73158?
True
Does 161 divide 478298?
False
Does 11 divide 267144?
False
Is 9 a factor of 64170?
True
Is 80816 a multiple of 3?
False
Is 33 a factor of 1097250?
True
Is 34 a factor of 2138702?
True
Does 135 divide 67905?
True
Does 13 divide 410813?
True
Does 3 divide 182006?
False
Is 112 a factor of 19448090?
False
Is 2 a factor of 13280?
True
Does 555 divide 9174825?
False
Is 498 a factor of 565015?
False
Is 985 a factor of 1111080?
True
Is 5 a factor of 50620?
True
Is 89 a factor of 44122?
False
Is 25 a factor of 298215?
False
Is 142776 a multiple of 41?
False
Does 93 divide 163813?
False
Is 68 a factor of 192455?
False
Is 4850 a multiple of 2?
True
Does 8 divide 1848?
True
Does 5 divide 41915?
True
Does 134 divide 879308?
True
Does 30 divide 71271?
False
Is 329764 a multiple of 38?
True
Is 47636 a multiple of 65?
False
Is 16 a factor of 140464?
True
Is 14810 a multiple of 27?
False
Does 306 divide 252450?
True
Is 2739040 a multiple of 760?
True
Does 913 divide 6149055?
True
Is 1158250 a multiple of 27?
False
Does 6 divide 55830?
True
Does 44 divide 766260?
True
Is 14183203 a multiple of 23?
True
Is 104 a factor of 2721829?
False
Is 1116402 a multiple of 114?
True
Is 1488556 a multiple of 103?
True
Is 1295 a factor of 770246?
False
Is 8693763 a multiple of 123?
True
Is 798 a factor of 16930368?
True
Does 29 divide 12441756?
False
Does 4 divide 215444?
True
Is 771641 a multiple of 77?
False
Is 6871451 a multiple of 17?
True
Does 58 divide 1766158?
True
Is 9406000 a multiple of 250?
True
Does 104 divide 699504?
True
Is 1748626 a multiple of 122?
True
Is 1251 a factor of 4860135?
True
Does 38 divide 741456?
True
Is 8 a factor of 1259990?
False
Is 368 a factor of 2637456?
True
Does 11 divide 22424?
False
Is 1322831 a multiple of 35?
False
Is 960 a factor of 1041600?
True
Is 41 a factor of 2223799?
True
Does 20 divide 240327?
False
Is 8 a factor of 518256?
True
Is 3017869 a multiple of 15?
False
Is 118 a factor of 320586?
False
Is 5797458 a multiple of 10?
False
Does 1188 divide 4567860?
True
Is 1027 a factor of 4975815?
True
Does 31 divide 326306?
True
Is 5 a factor of 4133359?
False
Is 1425704 a multiple of 49?
True
Is 290913 a multiple of 49?
True
Is 180800 a multiple of 113?
True
Is 406 a factor of 3285077?
False
Does 35 divide 2692585?
True
Is 15 a factor of 3707130?
True
Is 219434 a multiple of 28?
False
Is 7 a factor of 66920?
True
Is 220 a factor of 2917816?
False
Is 44 a factor of 1268036?
True
Is 13554905 a multiple of 155?
True
Is 3501115 a multiple of 574?
False
Is 15 a factor of 220348?
False
Is 13 a factor of 1670445?
False
Does 365 divide 626705?
True
Is 5 a factor of 13616387?
False
Does 63 divide 94874?
False
Is 84 a factor of 20752582?
False
Is 21421 a multiple of 75?
False
Is 507 a factor of 53356?
False
Is 147 a factor of 625500?
False
Does 590 divide 9037620?
True
Does 37 divide 31080?
True
Is 13 a factor of 83900?
False
Is 1402 a factor of 7450228?
True
Does 28 divide 11368?
True
Does 1017 divide 11828727?
True
Is 310 a factor of 361460?
True
Is 143 a factor of 9867?
True
Does 191 divide 173237?
True
Does 9 divide 224231?
False
Is 99 a factor of 71577?
True
Does 17 divide 604656?
True
Does 42 divide 102561?
False
Is 28 a factor of 895940?
False
Is 8 a factor of 269888?
True
Is 6656135 a multiple of 326?
False
Does 79 divide 28519?
True
Is 6619151 a multiple of 1829?
True
Does 30 divide 730060?
False
Does 252 divide 482650?
False
Does 503 divide 1143822?
True
Does 11 divide 132065?
False
Is 21 a factor of 22029?
True
Is 2 a factor of 58427?
False
Does 1085 divide 2803640?
True
Does 1057 divide 277991?
True
Is 1251685 a multiple of 137?
False
Is 483812 a multiple of 312?
False
Is 8309466 a multiple of 344?
False
Does 19 divide 30476?
True
Is 209 a factor of 466455?
False
Is 127 a factor of 131826?
True
Is 2930200 a multiple of 520?
True
Is 16 a factor of 23352?
False
Is 13 a factor of 440934?
True
Is 5 a factor of 131715?
True
Is 92 a factor of 26809?
False
Does 50 divide 409549?
False
Does 2 divide 143137?
False
Does 22 divide 36083?
False
Is 7 a factor of 528491?
False
Is 452 a factor of 13185463?
False
Is 395514 a multiple of 42?
True
Is 42 a factor of 215712?
True
Is 265 a factor of 8491111?
False
Is 64591 a multiple of 31?
False
Is 6209050 a multiple of 280?
False
Does 13 divide 2330?
False
Does 45 divide 7255313?
False
Does 29 divide 379573?
False
Does 249 divide 166332?
True
Is 340065 a multiple of 45?
True
Is 9 a factor of 5931?
True
Is 5139232 a multiple of 493?
False
Is 5 a factor of 515774?
False
Is 3456991 a multiple of 151?
False
Does 21 divide 291484?
False
Does 30 divide 125790?
True
Does 110 divide 267520?
True
Is 133 a factor of 1804344?
False
Does 77 divide 89730?
False
Is 64 a factor of 97883?
False
Is 9 a factor of 3127131?
True
Does 158 divide 97195?
False
Is 2 a factor of 73190?
True
Does 7 divide 131806?
False
Is 49 a factor of 4283335?
True
Is 29 a factor of 166112?
True
Does 102 divide 123522?
True
Is 2 a factor of 2185102?
True
Is 16 a factor of 72704?
True
Is 157 a factor of 376660?
False
Is 9259734 a multiple of 33?
True
Is 5 a factor of 53295?
True
Is 1762587 a multiple of 673?
True
Is 74646 a multiple of 377?
True
Is 12 a factor of 622820?
False
Does 2 divide 64918?
True
Does 110 divide 2493260?
True
Does 97 divide 486261?
True
Is 453970 a multiple of 22?
True
Is 24012208 a multiple of 314?
True
Is 769517 even?
False
Does 12 divide 1171?
False
Is 340189 a multiple of 173?
False
Is 107520 a multiple of 64?
True
Is 325333 a multiple of 133?
False
Does 567 divide 978642?
True
Does 12 divide 5731140?
True
Is 315 a factor of 63000?
True
Does 65 divide 102505?
True
Is 244687 a multiple of 216?
False
Is 26 a factor of 291902?
True
Is 12 a factor of 424992?
True
Is 6577131 a multiple of 90?
False
Is 9327825 a multiple of 75?
True
Is 3832353 a multiple of 9?
True
Does 11 divide 662649?
False
Does 4 divide 55856?
True
Is 34 a factor of 749131?
False
Is 108297 a multiple of 81?
True
Does 63 divide 87681?
False
Does 95 divide 326597?
False
Is 299 a factor of 566996?
False
Is 941192 a multiple of 704?
False
Is 3153024 a multiple of 6?
True
Is 10 a factor of 93629?
False
Is 978 a factor of 2376540?
True
Is 10999912 a multiple of 37?
False
Is 20 a factor of 312057?
False
Is 103838 a multiple of 14?
True
Is 3120234 a multiple of 218?
True
Is 1467 a factor of 4447944?
True
Is 121 a factor of 63767?
True
Is 4153741 a multiple of 892?
False
Is 376761 a multiple of 21?
True
Is 326 a factor of 71582?
False
Is 532088 a multiple of 7?
False
Is 1252888 a multiple of 52?
True
Does 53 divide 626566?
True
Is 11 a factor of 1248402?
False
Is 347 a factor of 1881087?
True
Is 222464 a multiple of 13?
False
Is 945 a factor of 4330935?
True
Is 71 a factor of 2600801?
True
Does 2843 divide 525955?
True
Is 7 a factor of 328842?
False
Is 2112 a factor of 32623505?
False
Is 1201692 a multiple of 956?
True
Is 241 a factor of 1205791?
False
Does 20 divide 48734?
False
Is 2140137 a multiple of 76?
False
Is 90 a factor of 248629?
False
Does 144 divide 38980?
False
Does 4 divide 56008?
True
Is 50 a factor of 737871?
False
Is 434343 a multiple of 82?
False
Does 11 divide 2907058?
True
Is 92721 a multiple of 134?
False
Does 62 divide 503462?
False
Does 21 divide 147175?
False
Is 2698477 a multiple of 76?
False
Is 1221480 a multiple of 36?
True
Is 5594184 a multiple of 356?
True
Is 72 a factor of 232488?
True
Is 6330 a multiple of 6?
True
Is 126 a factor of 4520124?
True
Is 64 a factor of 158336?
True
Is 952088 a multiple of 488?
True
Does 10 divide 44961?
False
Is 82 a factor of 2317812?
True
Does 915 divide 1809272?
False
Does 354 divide 1286240?
False
Is 67770 a multiple of 3?
True
Does 1154 divide 8404582?
True
Is 2484396 a multiple of 17?
False
Is 35 a factor of 217053?
False
Is 359 a factor of 417388?
False
Is 82 a factor of 6289473?
False
Is 7 a factor of 961